
Let d(s) = 3*s + 10. Let g(h) = -5*h + 16. Let n be g(4). Determine d(n).
-2
Let v be 2/6*(-84)/(-14). Let h(t) = t**2 - 2. Determine h(v).
2
Suppose 0 = -2*s + 2 + 4. Suppose -s*k = -7 + 1. Let y(l) = -l**2 - 3*l + 3. What is y(k)?
-7
Let z(g) = 7 + 12 - 11 + 3*g + 0*g. What is z(-7)?
-13
Let l = 10 - 10. Suppose 40 = -l*y + 5*y. Let o(i) = i**3 - 8*i**2 + i - 1. Determine o(y).
7
Let t(g) = 4 + 3*g**3 - g - 3*g**2 + 2*g**3 + 5*g**2 - 4*g**3. Calculate t(-3).
-2
Let u(y) be the first derivative of y**3/3 + 5*y**2/2 - 6*y + 1. Let s be 7*6/4*16/(-28). Calculate u(s).
0
Let i(h) = h + 1. Suppose -65 = -5*a - 2*b - 2*b, 3*a + 2*b = 39. Let g = -8 + a. Let n = -2 + g. What is i(n)?
4
Let g(f) = -f**3 - 7*f**2 - 9*f - 4. Suppose 6*s = 2*s - 24. What is g(s)?
14
Suppose 6*a - 12 = 2*a. Let z be -1*(a - (-3 - 0)). Let w(l) = l + 6. Give w(z).
0
Let f(x) = 11*x - 13*x - 5 + 1. Give f(3).
-10
Suppose -2*x = 3*s - 5 - 7, 0 = 2*x + 5*s - 4. Suppose -2*t - t + x = 0. Let h(o) be the first derivative of -o**2 + 3*o - 26. Determine h(t).
-5
Let v(w) = -w**2 - 5*w + 3. Let k be v(-5). Let x(b) = b + 1 + 2*b**3 - b**2 - 4*b**k - 3*b**3. Let p(r) = -r**2 - r + 1. Let u be p(-2). Determine x(u).
4
Let x(i) = i**2 - 7*i - 4. Suppose -4*l + 11 = -13. Give x(l).
-10
Suppose -18 - 7 = -5*m. Let j = 5 - m. Let x(z) = -z**2 - z - 3. Give x(j).
-3
Suppose 4 + 10 = -3*x + 4*p, -5*x - 3*p + 25 = 0. Let w(i) = -2*i**3 + 4*i**2 - i - 2. Calculate w(x).
-4
Let l(n) be the third derivative of -5*n**4/24 + n**3/3 + 4*n**2 + 10. Determine l(-1).
7
Let h(z) be the third derivative of z**5/120 - z**4/8 + z**3/2 + z**2. Let k(i) be the first derivative of h(i). Calculate k(2).
-1
Let u = -53 + 33. Let r be (-34 + 0)*u/8. Let o be 6/(-10) - r/25. Let j(h) = h**2 + 6*h + 1. Give j(o).
-7
Let l(g) = g + 1. Let w be l(2). Let c(a) = 3*a**2 + a. Let m be c(-1). Let y(t) = -t - w - t**2 + 1 + 0*t**m. Give y(-3).
-8
Suppose 0 = -4*x + 5*v - 6 - 12, 2*v = 4. Let k(r) = -r**3 - 3*r**2 - 3*r - 1. Determine k(x).
1
Suppose 0 = -5*t + 11 + 9. Let h = -8 + t. Let w(m) = -m**3 - 3*m**2 + 3*m. Let p be w(h). Let b(i) = -i + 5. What is b(p)?
1
Let x(n) = -9*n. Suppose -2*f = 2*u + 6, 2*f + 7 = -f - 2*u. Calculate x(f).
9
Let c(x) = x + 3. Suppose 0 = -3*m - 1 - 2. Let s(f) = -1. Let r(a) = m*s(a) + c(a). What is r(-4)?
0
Let j = 1 - -1. Let a(r) = r - 1. Let w(v) = -2*v + 4. Let x(n) = 3*a(n) + w(n). What is x(j)?
3
Let l = -268 - -270. Let i(k) be the second derivative of 0 - 1/6*k**4 + 1/20*k**5 - k**2 + 1/3*k**3 + k. Give i(l).
2
Let g(k) = -k + 1. Let u(w) = -w**2 + 6*w + 1. Let z(o) = 2*g(o) + u(o). Let h = 1 - -3. Calculate z(h).
3
Let f(m) = -9*m**3 + m**2 + 19*m - 19. Let q(k) = 5*k**3 - 10*k + 10. Let x(u) = -6*f(u) - 11*q(u). Suppose 3*z + o + 9 = -10, o = -2*z - 14. Give x(z).
-1
Let y(v) = 8*v - 1. Suppose 8*q - 3*q = s + 18, -14 = -s - 3*q. Let d = s + -3. Calculate y(d).
-9
Let r(l) = l - 4. Let g(f) = 2. Let n(p) = -5*g(p) - 2*r(p). Suppose -2*m - 15 + 11 = 0. Determine n(m).
2
Let r(v) be the first derivative of 7*v - 2 - 1/3*v**3 + 5/2*v**2. Let k(b) = b**3 - b**2 + 5. Let a be k(0). Determine r(a).
7
Suppose w + 1 = 5. Let l(x) = x**2 - 5*x. Let m be l(5). Let j(d) = 0*d**2 - 1 + m*d**2 - d**2 + 4*d. Give j(w).
-1
Suppose 3*z + 2*z + 5 = 2*v, 4*z = -v + 9. Let y(m) be the second derivative of m**3/6 - m. Give y(z).
1
Suppose -5*h = -3*k + 10 + 9, 3*h = -k - 17. Let a(p) be the second derivative of -p**3/3 - 3*p**2/2 + 2*p. Calculate a(h).
7
Let g(p) = -2*p + 2 - 5 + 4. Suppose 33 = -5*r - 12. Let a be r/2 - 4/8. Give g(a).
11
Let x(q) = -q + 2 + q + q. Let m = 6 + -6. Give x(m).
2
Let n(y) = 0*y**3 - 21 - 2*y**2 + y**3 + 17. What is n(3)?
5
Suppose 0 = 2*f - 2, -4*l + 10*f - 25 = 5*f. Let u = 6 + l. Let r(w) = 7*w**2 - 2*w + 1. What is r(u)?
6
Let s(g) = -g**3 - 7*g**2 - 4*g + 4. Suppose 4*p + 4 = 6*p, u - 8 = -3*p. Suppose -3*r - 30 = u*r. What is s(r)?
-8
Let w(s) = s - 8. Suppose -h = -1 - 0. Let a(m) = 3*m**3 + 2*m**2 - 2*m + 1. Let d be a(h). Calculate w(d).
-4
Let j(m) = m + 1. Let u be 5/25 - (-9)/5. Suppose -5 = u*y + 3. Give j(y).
-3
Let n(k) = -6*k**3 + k**2 + 9. Let c(q) = -5*q**3 + q + 8. Let o(i) = 5*c(i) - 4*n(i). Give o(-5).
4
Suppose m = 3*m. Let o(d) = -2*d**2 + 5*d - 5. Let y(q) = -q**2 + 3*q - 3. Let r(i) = i**2 - 5. Let p be r(0). Let u(c) = p*y(c) + 3*o(c). Calculate u(m).
0
Let c(j) = -3 - 2*j - j**2 + 4*j + 3*j - 3. Determine c(6).
-12
Let k = 11 - 17. Let d(n) = 12*n + 23. Let t(r) = 2*r + 4. Let x(v) = k*d(v) + 34*t(v). What is x(2)?
-10
Let p = -49 - -27. Let y = -16 - p. Let l(c) = c**2 - 8*c + 6. Calculate l(y).
-6
Let g(n) = -n - 3. Suppose 2*y = 82 - 32. Suppose -y = v + 4*v. Calculate g(v).
2
Let d(i) = -8*i**2 - i. Let b(m) = -7*m - 5. Let u(o) = -13*o - 10. Let c(t) = -11*b(t) + 6*u(t). Let v = 7 - 11. Let x be c(v). Calculate d(x).
-7
Let m(u) be the first derivative of u + 6 + u**3 + 1/4*u**4 + u**2. Determine m(-3).
-5
Let b(n) = -n - 8. Suppose -z - 3 = -5*l + 4*l, 9 = -3*l - 3*z. Give b(l).
-8
Let i(x) be the first derivative of x**4/4 + 2*x**3/3 + x**2/2 - 2*x + 3. Calculate i(-2).
-4
Let j(c) = -c**2 - c + 4. Let o be j(0). Let n(l) = -1 + l + 6 - o. Suppose m = 5*g + 12 + 4, -2*m - 4 = -g. Give n(g).
-3
Suppose -4*x - 2*c + 8 = -3*x, 0 = 3*c - 6. Let v(y) = y - x*y - 1 + y + y. Calculate v(0).
-1
Let j(k) = k. Let y(l) = -l**2 - 6*l + 10. Let x be y(-8). Calculate j(x).
-6
Let u(a) = 0*a - a + 5 + 0*a. Let v be 6/3 + 0 + 19. Let t = -16 + v. What is u(t)?
0
Let g = 32 - 36. Let n(b) = -4*b - 5. Determine n(g).
11
Let v(j) = 6*j - 1. Let t = 4 - 3. Determine v(t).
5
Let g(c) = -c - 13. Let y(x) = -2*x - 26. Let d(v) = -7*g(v) + 3*y(v). Give d(-8).
5
Let o(n) = n**3 + 4*n**2 - 8*n - 3. Suppose -3*j = 6 + 12. Let l be 68/(-12) - 4/j. Give o(l).
12
Let z(m) = -5*m**3 + m + 1. Let s be 2 - (4/2 - 5). Suppose -s*b + 66 - 6 = 0. Suppose 4*q + 13 = 1, 3*n + 3*q = -b. Determine z(n).
5
Suppose 2*q + 2*q = -4. Let g(h) = -7*h - 5. Let w(f) be the first derivative of -f - 4. Let v(r) = g(r) - 5*w(r). Calculate v(q).
7
Let r(t) = -9*t**3 - 2*t + 1. Suppose 0 = 2*l - 15 + 13. What is r(l)?
-10
Let r(a) = -a**2 + 11*a - 1. Let y(q) = q**2 - 13*q + 2. Let p(d) = -5*r(d) - 4*y(d). Calculate p(5).
7
Let d(v) be the second derivative of -v**5/4 + v**3/6 + v + 9. Give d(-1).
4
Let u(v) = -2. Let q(h) = h - 6. Let a(s) = -q(s) + 3*u(s). Give a(-3).
3
Suppose 3*n - 4*s + 1 = -13, -n + s = 4. Let x(r) = 3*r + 1. Calculate x(n).
-5
Let p(z) = -2*z**2 - 6*z - 15. Let w(i) = -i**2 - 3*i - 7. Let u(v) = 3*p(v) - 7*w(v). Give u(-3).
4
Let c = 4 - 0. Let p(t) = t**3 - 5*t**2 + t + 4. What is p(c)?
-8
Let z(y) = 4*y - 1. Let c = 29 + -22. Let h be 6/(-4) - c/(-14). What is z(h)?
-5
Suppose -2*l + 5*l + 3*x - 18 = 0, 0 = l + 5*x - 22. Let w(h) = -2*h + 3 - 1 + h**l + h**3 + 0*h + 3*h. Calculate w(0).
2
Let m(t) = -t + 10. Let s(l) = -l**2 - 12*l - 27. Let w be s(-9). Give m(w).
10
Let d = 2 - -1. Let n(w) = -d*w + 3*w - 3 - 3*w. Determine n(-4).
9
Let d(u) = u**2 + 3*u + 1. Let t(k) = k + 6. Let m be t(-8). What is d(m)?
-1
Suppose -4*w = 5 - 17. Let o(a) = -2*a + a + w*a - 7 + 8. Calculate o(5).
11
Suppose 0 = 4*d - 5*c - 9 - 14, 0 = -2*d + 4*c + 16. Let l(p) = -3 + 7*p + 0*p - 2*p + d. Calculate l(1).
4
Let b(q) = 14*q - 2. Let v(w) = -1 + 0 + 0*w + 5*w. Let g(z) = 4*b(z) - 11*v(z). Suppose -2*j = 2*p - 8 - 2, 0 = 3*j - 15. Give g(p).
3
Let m(r) = -24*r**3 - 4*r**2 - r - 4. Let l(i) = 16*i**3 + 3*i**2 + i + 3. Let q(w) = 7*l(w) + 5*m(w). Let s = -11 + 16. Let t = s + -6. What is q(t)?
8
Let t(f) = f. Let m be 1/(-2 + 3)*-1. Let i = 1 - m. Suppose 6 + i = -4*w. Calculate t(w).
-2
Let r(s) = -5*s**2 + 1. Let a be -1*(2 + 2 + -5). What is r(a)?
-4
Let f(u) = 6*u + 2 - u**3 + 2*u**3 + 6 - 9*u**2. Give f(8).
-8
Suppose 0 = -3*p + 5*p. Let g(i) = -2 + p*i - 4*i + 7*i. Calculate g(2).
4
Let a(w) be the third derivative of 0 + 1/4*w**4 - 1/6*w**3 + 3*w**2 + 0*w. Calculate a(1).
5
Suppose 50 = 15*c + 20. Let l(z) be the first derivative of 3 + z - 3/2*z**c. What is l(1)?
-2
Let s(b) be the third derivative of -b**4/6 - b**3/2 + 2*b**2. Let w be (2 + (0 - 3))*2. Give s(w).
5
Let j(l) be the first derivative of 0*l + 2 + 1/12*l**4 - 1/2*l**2 - 1/3*l**3. Let y(g) be th